{"id":95,"date":"2014-10-06T17:02:59","date_gmt":"2014-10-06T17:02:59","guid":{"rendered":"http:\/\/www.virvelvindensdans.se\/?page_id=95"},"modified":"2026-02-02T17:17:04","modified_gmt":"2026-02-02T17:17:04","slug":"samarbetspartners","status":"publish","type":"page","link":"https:\/\/www.virvelvindensdans.se\/?page_id=95","title":{"rendered":"Samarbetspartners"},"content":{"rendered":"\n<p><strong>2025-\u00e5rs samarbetspartners som bidrar till utveckling av Virvelvindens dansf\u00f6rening<\/strong><\/p>\n\n\n\n<figure class=\"wp-block-image size-large is-resized\"><a href=\"https:\/\/www.virvelvindensdans.se\/wp-content\/uploads\/2021\/04\/sl_8050_c_pos_r1_ppt.jpg\"><img decoding=\"async\" src=\"https:\/\/www.virvelvindensdans.se\/wp-content\/uploads\/2024\/03\/flugger_logga2.jpg\" alt=\"\" style=\"width:261px;height:auto\"\/><\/a><\/figure>\n\n\n\n<p>Som medlem i Virvelvindens dansf\u00f6rening f\u00e5r du upp till 20% rabatt p\u00e5 Fl\u00fcgger i b\u00e5de webbshop och butik. Detta \u00e4r ett samarbete som b\u00e5de du som medlem och f\u00f6reningen vinner p\u00e5, d\u00e5 f\u00f6reningen f\u00e5r en procentandel av ink\u00f6pet som st\u00f6d. Handlar du online beh\u00f6ver du ange f\u00f6reningens kontonummer hos Fl\u00fcgger, det anges i kassan som FAxxxxxx. Smsa Lena Andersson s\u00e5 f\u00e5r du kontonumret.<\/p>\n\n\n\n<figure class=\"wp-block-image is-resized\"><a href=\"https:\/\/www.virvelvindensdans.se\/wp-content\/uploads\/2021\/04\/sl_8050_c_pos_r1_ppt.jpg\"><img loading=\"lazy\" decoding=\"async\" width=\"300\" height=\"69\" src=\"https:\/\/www.virvelvindensdans.se\/wp-content\/uploads\/2021\/04\/sl_8050_c_pos_r1_ppt-300x69.jpg\" alt=\"\" class=\"wp-image-2016\" style=\"width:261px;height:auto\" srcset=\"https:\/\/www.virvelvindensdans.se\/wp-content\/uploads\/2021\/04\/sl_8050_c_pos_r1_ppt-300x69.jpg 300w, https:\/\/www.virvelvindensdans.se\/wp-content\/uploads\/2021\/04\/sl_8050_c_pos_r1_ppt.jpg 487w\" sizes=\"auto, (max-width: 300px) 100vw, 300px\" \/><\/a><\/figure>\n\n\n\n<p>Storgatan 14 26703 Ekeby<br>Tel.042-25 04 00&nbsp;&nbsp; <a href=\"http:\/\/www.ekebysparbank.se\" target=\"_blank\" rel=\"noreferrer noopener\">www.ekebysparbank.se<\/a><\/p>\n\n\n\n<p><strong>Gr\u00f6nadals Bygdeg\u00e5rd Vall\u00e5kra<\/strong><br>F\u00f6r familjefester, f\u00f6retagsfester-m\u00f6ten, kurser, konferenser.<br>Tel.042-99197&nbsp;&nbsp;&nbsp; <a href=\"http:\/\/www.bygdegardarna.se\/gronadal\" target=\"_blank\" rel=\"noreferrer noopener\">www.bygdegardarna.se\/gronadal<\/a>                       <\/p>\n\n\n\n<p>Dansskor.se L\u00e4mnar 10% rabatt till Virvelvindens medlemmar vid k\u00f6p av skor.                   info@dansskor.se Mobil 0303-77704     <\/p>\n\n\n\n<figure class=\"wp-block-image is-resized\"><img loading=\"lazy\" decoding=\"async\" width=\"242\" height=\"110\" src=\"https:\/\/www.virvelvindensdans.se\/wp-content\/uploads\/2024\/01\/maxi-2.jpg\" alt=\"\" class=\"wp-image-3089\" style=\"width:147px;height:auto\"\/><\/figure>\n\n\n\n<p class=\"has-text-align-left\"><strong>Maxi Ica stormarknad R\u00e5\u00e5<\/strong><br>Tel.042-4505700<br>kundkontakt.raa@maxi.ica.<\/p>\n\n\n\n<p><img decoding=\"async\" src=\"https:\/\/www.virvelvindensdans.se\/wp-content\/uploads\/2021\/02\/Logga-Vall%C3%A5kra-1-e1614279203106.jpg\" alt=\"https:\/\/www.virvelvindensdans.se\/wp-content\/uploads\/2021\/02\/Logga-Vall%C3%A5kra-1-e1614279203106.jpg\"> Brett sortiment inom tr\u00e4dg\u00e5rd och djurfoder. <\/p>\n\n\n\n<p>Yrkessortiment till lant-och skogsbruk m.m<br>Tel.042 &#8211; 99 275&nbsp;&nbsp;www.vallakralantmannaaffar.se<\/p>\n\n\n\n<p>________________________________________________________________________________________________________________<\/p>\n\n\n\n<p><\/p>\n\n\n\n<p><\/p>\n","protected":false},"excerpt":{"rendered":"<p>2025-\u00e5rs samarbetspartners som bidrar till utveckling av Virvelvindens dansf\u00f6rening Som medlem i Virvelvindens dansf\u00f6rening f\u00e5r du upp till 20% rabatt p\u00e5 Fl\u00fcgger i b\u00e5de webbshop och butik. Detta \u00e4r ett samarbete som b\u00e5de du som medlem och f\u00f6reningen vinner p\u00e5, d\u00e5 f\u00f6reningen f\u00e5r en procentandel av ink\u00f6pet som st\u00f6d. Handlar du online beh\u00f6ver du ange [&hellip;]<\/p>\n","protected":false},"author":1,"featured_media":0,"parent":0,"menu_order":0,"comment_status":"open","ping_status":"open","template":"","meta":{"footnotes":""},"class_list":["post-95","page","type-page","status-publish","hentry"],"_links":{"self":[{"href":"https:\/\/www.virvelvindensdans.se\/index.php?rest_route=\/wp\/v2\/pages\/95","targetHints":{"allow":["GET"]}}],"collection":[{"href":"https:\/\/www.virvelvindensdans.se\/index.php?rest_route=\/wp\/v2\/pages"}],"about":[{"href":"https:\/\/www.virvelvindensdans.se\/index.php?rest_route=\/wp\/v2\/types\/page"}],"author":[{"embeddable":true,"href":"https:\/\/www.virvelvindensdans.se\/index.php?rest_route=\/wp\/v2\/users\/1"}],"replies":[{"embeddable":true,"href":"https:\/\/www.virvelvindensdans.se\/index.php?rest_route=%2Fwp%2Fv2%2Fcomments&post=95"}],"version-history":[{"count":96,"href":"https:\/\/www.virvelvindensdans.se\/index.php?rest_route=\/wp\/v2\/pages\/95\/revisions"}],"predecessor-version":[{"id":3344,"href":"https:\/\/www.virvelvindensdans.se\/index.php?rest_route=\/wp\/v2\/pages\/95\/revisions\/3344"}],"wp:attachment":[{"href":"https:\/\/www.virvelvindensdans.se\/index.php?rest_route=%2Fwp%2Fv2%2Fmedia&parent=95"}],"curies":[{"name":"wp","href":"https:\/\/api.w.org\/{rel}","templated":true}]}}