{"id":1744,"date":"2020-03-13T08:21:31","date_gmt":"2020-03-13T08:21:31","guid":{"rendered":"https:\/\/www.virvelvindensdans.se\/?page_id=1744"},"modified":"2026-03-17T14:02:26","modified_gmt":"2026-03-17T14:02:26","slug":"danslista-10-4","status":"publish","type":"page","link":"https:\/\/www.virvelvindensdans.se\/?page_id=1744","title":{"rendered":"Danslista"},"content":{"rendered":"\n<div class=\"wp-block-columns is-layout-flex wp-container-core-columns-is-layout-9d6595d7 wp-block-columns-is-layout-flex\">\n<div class=\"wp-block-column is-layout-flow wp-block-column-is-layout-flow\" style=\"flex-basis:100%\">\n<figure class=\"wp-block-table\"><table><tbody><tr><td><strong>Dans<\/strong> L\u00e5ngfredagen 2026<\/td><td><strong>Kommentar<\/strong><\/td><\/tr><tr><td>Schottisbugg fr\u00e5n Esl\u00f6v<\/td><td>Obs!&nbsp; Orkestern v\u00e4ljer turordning av  samtliga danser<\/td><\/tr><tr><td>Ratata<\/td><td><\/td><\/tr><tr><td>Gr\u00e4nspolka<\/td><td>\u00a0musik &#8221;J\u00e4mtgubben&#8221;<\/td><\/tr><tr><td>Tindrande \u00f6gon<\/td><td>&nbsp;<\/td><\/tr><tr><td>Edelweiss\u00a0\u00a0\u00a0\u00a0\u00a0\u00a0\u00a0<\/td><td>&nbsp;<\/td><\/tr><tr><td>Lucky\u00a0\u00a0\u00a0\u00a0\u00a0\u00a0\u00a0\u00a0\u00a0\u00a0\u00a0\u00a0\u00a0\u00a0\u00a0\u00a0<\/td><td><\/td><\/tr><tr><td>Oh Susanna<\/td><td>&nbsp;Bytesdans<\/td><\/tr><tr><td>Kentucky Home&nbsp;&nbsp;&nbsp;&nbsp;&nbsp;&nbsp;&nbsp;&nbsp;&nbsp;<\/td><td>&nbsp;<\/td><\/tr><tr><td>\u00c5landsschottis&nbsp;&nbsp;<\/td><td>&nbsp;<\/td><\/tr><tr><td>Salty Dog Rag<\/td><td><\/td><\/tr><tr><td>Dear One&nbsp;<\/td><td><\/td><\/tr><tr><td>Fredagskv\u00e4ll<\/td><td><\/td><\/tr><tr><td>Schottis p\u00e5 logen i H\u00f6g&nbsp;<\/td><td>&nbsp;<\/td><\/tr><tr><td>Vargtassen&nbsp;&nbsp;&nbsp;&nbsp;&nbsp;&nbsp;&nbsp;<\/td><td>&nbsp;<\/td><\/tr><tr><td>Kejsarinnans Tango eller Jiggartango<\/td><td>&nbsp;<\/td><\/tr><tr><td>Hambo<\/td><td>&nbsp;<\/td><\/tr><tr><td>Pariserpolka<\/td><td>&nbsp;<\/td><\/tr><tr><td>Vals<\/td><td><\/td><\/tr><tr><td>Svingen eller Malm\u00f6svingen<\/td><td>&nbsp;<\/td><\/tr><tr><td>Billy Bayou<\/td><td>&nbsp;<\/td><\/tr><tr><td>Am. tr\u00e4skopolka<\/td><td><\/td><\/tr><tr><td>Beerpolka<\/td><td>&nbsp;&nbsp;<\/td><\/tr><tr><td>\u00a0(Cykelnyckeln)\u00a0\u00a0\u00a0\u00a0\u00a0\u00a0\u00a0\u00a0\u00a0\u00a0\u00a0\u00a0\u00a0\u00a0 \u00a0<\/td><td>\u00a0\u00a0\u00a0\u00a0\u00a0\u00a0\u00a0\u00a0\u00a0Bente J\u00f6nsson 5\/3 2026\u00a0\u00a0\u00a0\u00a0\u00a0\u00a0\u00a0\u00a0\u00a0\u00a0\u00a0\u00a0\u00a0\u00a0\u00a0\u00a0\u00a0\u00a0\u00a0\u00a0\u00a0 \u00a0\u00a0\u00a0\u00a0\u00a0\u00a0\u00a0\u00a0\u00a0\u00a0\u00a0\u00a0\u00a0\u00a0\u00a0\u00a0\u00a0\u00a0\u00a0<\/td><\/tr><\/tbody><\/table><\/figure>\n<\/div>\n<\/div>\n\n\n\n<p><\/p>\n","protected":false},"excerpt":{"rendered":"<p>Dans L\u00e5ngfredagen 2026 Kommentar Schottisbugg fr\u00e5n Esl\u00f6v Obs!&nbsp; Orkestern v\u00e4ljer turordning av samtliga danser Ratata Gr\u00e4nspolka \u00a0musik &#8221;J\u00e4mtgubben&#8221; Tindrande \u00f6gon &nbsp; Edelweiss\u00a0\u00a0\u00a0\u00a0\u00a0\u00a0\u00a0 &nbsp; Lucky\u00a0\u00a0\u00a0\u00a0\u00a0\u00a0\u00a0\u00a0\u00a0\u00a0\u00a0\u00a0\u00a0\u00a0\u00a0\u00a0 Oh Susanna &nbsp;Bytesdans Kentucky Home&nbsp;&nbsp;&nbsp;&nbsp;&nbsp;&nbsp;&nbsp;&nbsp;&nbsp; &nbsp; \u00c5landsschottis&nbsp;&nbsp; &nbsp; Salty Dog Rag Dear One&nbsp; Fredagskv\u00e4ll Schottis p\u00e5 logen i H\u00f6g&nbsp; &nbsp; Vargtassen&nbsp;&nbsp;&nbsp;&nbsp;&nbsp;&nbsp;&nbsp; &nbsp; Kejsarinnans Tango eller Jiggartango &nbsp; Hambo &nbsp; Pariserpolka &nbsp; [&hellip;]<\/p>\n","protected":false},"author":7,"featured_media":0,"parent":0,"menu_order":0,"comment_status":"closed","ping_status":"closed","template":"","meta":{"footnotes":""},"class_list":["post-1744","page","type-page","status-publish","hentry"],"_links":{"self":[{"href":"https:\/\/www.virvelvindensdans.se\/index.php?rest_route=\/wp\/v2\/pages\/1744","targetHints":{"allow":["GET"]}}],"collection":[{"href":"https:\/\/www.virvelvindensdans.se\/index.php?rest_route=\/wp\/v2\/pages"}],"about":[{"href":"https:\/\/www.virvelvindensdans.se\/index.php?rest_route=\/wp\/v2\/types\/page"}],"author":[{"embeddable":true,"href":"https:\/\/www.virvelvindensdans.se\/index.php?rest_route=\/wp\/v2\/users\/7"}],"replies":[{"embeddable":true,"href":"https:\/\/www.virvelvindensdans.se\/index.php?rest_route=%2Fwp%2Fv2%2Fcomments&post=1744"}],"version-history":[{"count":63,"href":"https:\/\/www.virvelvindensdans.se\/index.php?rest_route=\/wp\/v2\/pages\/1744\/revisions"}],"predecessor-version":[{"id":3370,"href":"https:\/\/www.virvelvindensdans.se\/index.php?rest_route=\/wp\/v2\/pages\/1744\/revisions\/3370"}],"wp:attachment":[{"href":"https:\/\/www.virvelvindensdans.se\/index.php?rest_route=%2Fwp%2Fv2%2Fmedia&parent=1744"}],"curies":[{"name":"wp","href":"https:\/\/api.w.org\/{rel}","templated":true}]}}